late the remainder when 16/(((-117)/(-486))/13) is divided by 17.
14
Let i = -175 + 278. What is the remainder when i is divided by 30?
13
Let v be (-7 - 0)*23*1. Let n = -62 - v. Let d(q) = 3*q**2 + 20*q + 50. Calculate the remainder when n is divided by d(-5).
24
Let c(v) = 2 + v - 2*v**2 - 3 + 0*v + 3*v**3. What is the remainder when (-6)/(-4) - 5/(20/(-254)) is divided by c(2)?
14
Let m(y) = -33*y + 20. Let p be m(-6). Suppose p = 5*u - 37. Calculate the remainder when u is divided by 13.
12
Let a = 13 - -9. Let j be (-2)/3*(-42)/4. Let k(h) = -2*h**2 + 14*h + 12. Calculate the remainder when a is divided by k(j).
10
Suppose -3*s + 17 = -28. Let q(y) = -y**3 - 19*y**2 - 20*y + 25. Let t be q(-18). Let d = t + -19. Calculate the remainder when d is divided by s.
12
Suppose 0 = -0*g - g. Suppose u + g*u - 2 = 0. Calculate the remainder when 73 is divided by 29/u + 6/12.
13
Suppose 609 = -2*p + 9*p. What is the remainder when p is divided by 19?
11
Let r = 5 + 29. Let u(h) = -h + 30. Calculate the remainder when r is divided by u(23).
6
Let s be (-64)/(-2) - 36/18. Calculate the remainder when 78 is divided by ((-20)/(-6))/(5/s).
18
Suppose -4*p - 4*f = -7204, p + f - 5*f - 1791 = 0. Calculate the remainder when p is divided by 90.
89
Let d be (-130)/(-4)*(-360)/50. Let a = -99 - d. What is the remainder when a is divided by 46?
43
Suppose 0 = 40*m + 14949 - 76029. Calculate the remainder when m is divided by 15.
12
Let d be 2 + 3*(-4)/(-24)*38. What is the remainder when (-7)/49 - (-675)/d is divided by 7?
4
What is the remainder when ((-22)/3)/(-11)*(292 + 2) is divided by 33?
31
Let d(p) = p**3 + 8*p**2 - 12*p - 12. Let h be d(-9). Let m = h + -2. What is the remainder when 75 is divided by m?
10
Suppose l = -4*l. Suppose -u = -l*u. Calculate the remainder when 61 is divided by (u - 14)/((-10)/15).
19
Let n = -6 + 10. Let k = -20 + n. Let m = k + 27. What is the remainder when 19 is divided by m?
8
Let x = -128 + 168. What is the remainder when x is divided by 11?
7
Let i = -307 - -435. Let j = -74 + i. Suppose 2*c + 4*o + 41 = 5*c, -3*c + 3*o + 45 = 0. Calculate the remainder when j is divided by c.
16
Suppose -2*b - 482 = -494. What is the remainder when 25 is divided by b?
1
Suppose -119 = -2*f - 15. Let i = 82 - 49. Suppose -b + i = 2*b. What is the remainder when f is divided by b?
8
Let g(d) = -7*d**2 - 6*d**2 + 1 + 2*d**2. Let k be g(1). What is the remainder when 54 is divided by (-38)/k*(-9 + 14)?
16
Let y = 753 + -731. What is the remainder when 430 is divided by y?
12
Suppose -6*l = -10*l + 16. Suppose -4*x - 40 = -l*u, -u + x - 3*x + 25 = 0. What is the remainder when 56 is divided by u?
11
Suppose 430 = 5*j - 165. Suppose 5*w + 0*g = 2*g + j, 6 = 2*g. What is the remainder when 97 is divided by w?
22
Let o(m) be the third derivative of m**4/8 - m**3/3 - 15*m**2. What is the remainder when o(6) is divided by -1 + ((-11)/(-1) - 0)?
6
Let u(j) = j**3 + 9*j**2 + 7*j - 4. Let p be u(-9). Let s = p - -306. Calculate the remainder when s is divided by 40.
39
Suppose 0 = -4*l - 0*l + 12. Suppose 0 = l*p + 2*t - 4*t - 28, -43 = -3*p + 5*t. Calculate the remainder when 15 is divided by p.
3
Let n(u) = u**3 - u**2 + 2. Let d be n(0). Suppose 3*f = d*o - 153, -5*o - f = f - 354. Suppose 3*y + y - o = 0. Calculate the remainder when y is divided by 5.
3
Let p = 248 + -178. Calculate the remainder when p is divided by 13.
5
Suppose -6*a = -104 - 130. What is the remainder when 58 is divided by a?
19
Suppose 3036 = 19*r + 14*r. Calculate the remainder when r is divided by 21.
8
Let n be 8 + -4 + (-3 - 0). Let j(r) = 64*r**2. What is the remainder when j(n) is divided by 11?
9
Suppose -3*d + 2*d + 34 = 5*u, u - 2 = -5*d. Let w be 126/u*(-1)/(-2). Suppose q = w + 15. Calculate the remainder when q is divided by 5.
4
Let f = -159 - -265. Let u(x) = -28*x**3 - x**2 - x - 1. What is the remainder when f is divided by u(-1)?
25
Let p = -67 + 101. Suppose 0 = 14*q - 64 - 62. Calculate the remainder when p is divided by q.
7
Suppose -42*z = -39*z - 423. What is the remainder when z is divided by 4?
1
Let y be 5*5/(-25)*39. Let o = -15 - y. Calculate the remainder when o is divided by 14.
10
Let c(b) be the second derivative of -7*b**3/6 + 5*b**2/2 + 3*b. What is the remainder when c(-9) is divided by 828/(-144)*(-1 + -3)?
22
Let n = -17 + 34. Let l(p) = 4*p**2 - 8*p + 5. Let m(u) = -u**2 - 9*u - 9. Let w be m(-7). Calculate the remainder when l(w) is divided by n.
14
Suppose 0*v + 4*v = -4*o + 32, 4*o + 40 = 2*v. Calculate the remainder when 80 is divided by v.
8
Suppose -3*c + 0*c + 0*c = 0. Suppose -j + 12 = -l - 11, 2*j - 4*l - 56 = c. What is the remainder when 53 is divided by j?
17
Let j(l) = -12*l**3 + 2*l**2 + 11*l + 18. What is the remainder when j(-2) is divided by 32?
4
Calculate the remainder when 155 is divided by ((-29)/(1218/360))/(3/(-14)).
35
Suppose -205 = -17*i + 178 - 26. What is the remainder when i is divided by 2*2/8*26?
8
Let t(j) = 4*j + 111. What is the remainder when 319 is divided by t(-22)?
20
Let f(c) be the third derivative of -c**5/60 + 7*c**4/24 + c**3/2 + 42*c**2 - c. Calculate the remainder when 55 is divided by f(3).
10
Let l(s) = -s**3 + 9*s**2 - s + 12. Suppose 5*k - 33 = 12. Calculate the remainder when l(k) is divided by 3.
0
Let c(l) = l**3 + 15*l**2 + 18*l + 42. Let g be c(-14). Calculate the remainder when 12/42 - 1928/g is divided by 20.
18
Let m = 153 + -130. Suppose 0 = 4*a + 102 - 374. Calculate the remainder when a is divided by m.
22
Let w(q) = 23*q + 426. What is the remainder when 400 is divided by w(-15)?
76
Let g(k) = -k**2 - 2*k + 6. Let z be g(0). Suppose -4*b + z = -b. What is the remainder when 70 is divided by 36/(b/(4/3))?
22
Suppose 0 = 3*b - 9, 117 = 2*f + 6*b - b. Suppose 6 = 3*d - 2*p + 5*p, -5*p - 39 = -2*d. Suppose -2*h + 33 = d. What is the remainder when f is divided by h?
12
Let z = 776 - 545. Calculate the remainder when z is divided by 13.
10
Let j = 6 + -3. Suppose j*i - 35 = -11. Suppose -17*f = -186 - 205. Calculate the remainder when f is divided by i.
7
Suppose 948*p + 31 = 949*p. What is the remainder when p is divided by 31?
0
Let j(k) = k**3 - k**2 + 4*k - 5. Let v be j(2). Suppose v*w - 162 = w. What is the remainder when 50 is divided by w?
23
Suppose 2*q = -7*q - 27. What is the remainder when 73 is divided by 2/((-36)/19 - q - 1)?
16
Suppose -5*o + 3*o - 2*b = -2464, 3671 = 3*o - 2*b. Suppose y - o = -4*y - m, -2*y + 5*m = -480. Calculate the remainder when y is divided by 31.
28
Let x = -979 - -998. Let g = -1 - -6. Calculate the remainder when x is divided by g.
4
Let u(x) = -x**3 - 28*x**2 - 4*x - 108. Calculate the remainder when 11 is divided by u(-28).
3
Let c = 364 + -342. Calculate the remainder when 109 is divided by c.
21
Suppose -328 = -5*j + j. Suppose 5*m - 23 - j = 0. Calculate the remainder when 17 is divided by (1 + 3)*m/28.
2
Let n = 20 + -12. Suppose 27 = t - 39. Suppose 5*a - t = 39. What is the remainder when a is divided by n?
5
Let g be (-3 + 57)/6 + 0/(-1). Suppose 29 = -4*h + u + 8, -5*u - 21 = h. Let z = g - h. What is the remainder when 56 is divided by z?
11
Let p(r) be the first derivative of 11*r**3/3 - r**2/2 + r + 2. Let w be -3*(-4 + 44/12). Calculate the remainder when 30 is divided by p(w).
8
Let h be 32/256 - (1 - (-39)/(-8)). Suppose -2*y + 5*b = 6*b - 103, -h*b - 20 = 0. What is the remainder when y is divided by 14?
12
Let k be (16/(-10))/(2/(-5)). Suppose -2*x - 72 = 4*q - 190, 0 = k*x - 12. What is the remainder when 54 is divided by q?
26
Let l = 72 + -47. Suppose 0*g + 6*g = -432. Let d = 121 + g. What is the remainder when d is divided by l?
24
Suppose y + 4*y - 40 = 0. Let d(o) = -o**3 + 5*o**2 - 5. What is the remainder when d(4) is divided by y?
3
Suppose 10 = 2*c - 0. Suppose 2*r - 10 + 4 = 0. What is the remainder when 1/r - (-3 + 94/(-6)) is divided by c?
4
What is the remainder when 67 is divided by (-7)/1 - (-93 + 70)?
3
Suppose -48 = k - 70. What is the remainder when 38 is divided by k?
16
Suppose 149*m - 151*m - u = -690, 2*u + 8 = 0. Calculate the remainder when m is divided by 27.
23
Suppose -150 - 165 = -3*l. Suppose -h + 38 = 4*d, 5*d + 2 = h + 9. Calculate the remainder when l is divided by h.
15
Let r(k) 